hat is the remainder when 345119 is divided by 631?
593
Calculate the remainder when 1339658 is divided by 585.
8
What is the remainder when 1983287 is divided by 661070?
77
What is the remainder when 16285552 is divided by 2260?
2252
What is the remainder when 1571249 is divided by 672?
113
What is the remainder when 1120268 is divided by 145?
143
Calculate the remainder when 11017575 is divided by 429.
426
What is the remainder when 206957913 is divided by 132?
129
What is the remainder when 245462 is divided by 3660?
242
What is the remainder when 34865 is divided by 1658?
47
Calculate the remainder when 65389495 is divided by 7.
3
Calculate the remainder when 230704 is divided by 9664.
8432
Calculate the remainder when 300241 is divided by 150105.
31
What is the remainder when 16839988 is divided by 5613311?
55
Calculate the remainder when 1342181 is divided by 123.
5
Calculate the remainder when 1087911 is divided by 831.
132
Calculate the remainder when 118162 is divided by 118121.
41
What is the remainder when 103034 is divided by 866?
846
Calculate the remainder when 2476940 is divided by 1314.
50
Calculate the remainder when 1370130 is divided by 279.
240
What is the remainder when 311118779 is divided by 58?
51
Calculate the remainder when 25621776 is divided by 14001.
13947
Calculate the remainder when 5440184 is divided by 272003.
124
Calculate the remainder when 22689567 is divided by 1606.
1605
What is the remainder when 2859093 is divided by 11?
6
Calculate the remainder when 14205880 is divided by 1829.
37
What is the remainder when 208326035 is divided by 547?
538
What is the remainder when 560555 is divided by 50939?
226
What is the remainder when 3640621 is divided by 184?
181
What is the remainder when 55547 is divided by 592?
491
Calculate the remainder when 128709425 is divided by 69.
68
Calculate the remainder when 17676790 is divided by 866.
864
Calculate the remainder when 716020 is divided by 10376.
76
Calculate the remainder when 46645 is divided by 152.
133
Calculate the remainder when 208864 is divided by 18493.
5441
Calculate the remainder when 2118640 is divided by 172.
116
What is the remainder when 594326 is divided by 136?
6
What is the remainder when 24868826 is divided by 136?
2
What is the remainder when 1583424 is divided by 15994?
18
What is the remainder when 284566 is divided by 895?
851
What is the remainder when 636358 is divided by 5665?
1878
Calculate the remainder when 958127 is divided by 861.
695
Calculate the remainder when 909987 is divided by 181849.
742
Calculate the remainder when 2260170 is divided by 604.
2
Calculate the remainder when 782859 is divided by 71169.
0
What is the remainder when 174037 is divided by 427?
248
Calculate the remainder when 746450 is divided by 262.
12
Calculate the remainder when 100585066 is divided by 361.
358
Calculate the remainder when 21839 is divided by 899.
263
Calculate the remainder when 3349354 is divided by 3.
1
What is the remainder when 4468 is divided by 90?
58
What is the remainder when 1012659030 is divided by 6587?
6585
What is the remainder when 12192258 is divided by 762016?
2
What is the remainder when 2621382 is divided by 1471?
60
Calculate the remainder when 11095655 is divided by 826.
823
What is the remainder when 13265306 is divided by 486?
422
What is the remainder when 23450369 is divided by 20?
9
Calculate the remainder when 15290690 is divided by 328.
314
Calculate the remainder when 3742622 is divided by 872.
870
Calculate the remainder when 4896028 is divided by 53.
47
Calculate the remainder when 6241784 is divided by 88.
32
Calculate the remainder when 3570043 is divided by 841.
839
Calculate the remainder when 194527 is divided by 48566.
263
What is the remainder when 31702700 is divided by 12?
8
What is the remainder when 300661 is divided by 2315?
2026
What is the remainder when 1326700 is divided by 1327?
1027
What is the remainder when 5560960 is divided by 132403?
34
What is the remainder when 26522 is divided by 24370?
2152
Calculate the remainder when 3523679 is divided by 49.
40
What is the remainder when 483 is divided by 244?
239
Calculate the remainder when 1413579 is divided by 938.
13
What is the remainder when 256047491 is divided by 46?
37
What is the remainder when 7151113 is divided by 5852?
5821
Calculate the remainder when 14136455 is divided by 1767054.
23
What is the remainder when 20342 is divided by 2950?
2642
Calculate the remainder when 136316 is divided by 9082.
86
Calculate the remainder when 13908612 is divided by 63.
39
What is the remainder when 359755 is divided by 576?
331
What is the remainder when 266939 is divided by 5620?
2799
What is the remainder when 9455133 is divided by 296?
5
Calculate the remainder when 1366475 is divided by 269.
224
Calculate the remainder when 6906377 is divided by 1148.
9
What is the remainder when 5524317 is divided by 220972?
17
Calculate the remainder when 45705502 is divided by 17.
16
What is the remainder when 94389810 is divided by 6?
0
Calculate the remainder when 246242 is divided by 245924.
318
Calculate the remainder when 4260821 is divided by 1258.
1233
What is the remainder when 6923985 is divided by 239?
155
What is the remainder when 106751 is divided by 9135?
6266
What is the remainder when 72844 is divided by 813?
487
What is the remainder when 18126 is divided by 1132?
14
What is the remainder when 2759322 is divided by 229919?
294
Calculate the remainder when 26191010 is divided by 2391.
2387
What is the remainder when 100102674 is divided by 16720?
34
What is the remainder when 1603549 is divided by 534391?
376
What is the remainder when 1317990 is divided by 329409?
354
Calculate the remainder when 148818 is divided by 26.
20
Calculate the remainder when 620109 is divided by 1188.
1161
What is the remainder when 11814 is divided by 230?
84
What is the remainder when 1963206 is divided by 1301?
1298
Calculate the remainder when 4961255 is divided by 137810.
95
Calculate the remainder when 256810 is divided by 8284.
6
Calculate the remainder when 621768578 is divided by 5105.
5103
Calculate the remainder when 96076 is divided by 979.
134
What is the remainder when 11779919 is divided by 178483?
41
Calculate the remainder when 116739 is divided by 12958.
117
Calculate the remainder when 2554396 is divided by 10.
6
Calculate the remainder when 46968436 is divided by 7.
4
What is the remainder when 166159237 is divided by 53?
50
What is the remainder when 100647988 is divided by 18?
16
Calculate the remainder when 20874464 is divided by 2323.
2309
What is the remainder when 249434 is divided by 7794?
26
Calculate the remainder when 171221 is divided by 1150.
1021
Calculate the remainder when 790937 is divided by 4325.
3787
What is the remainder when 697317 is divided by 43580?
37
Calculate the remainder when 1369127 is divided by 81.
65
Calculate the remainder when 13020 is divided by 4685.
3650
Calculate the remainder when 9299718 is divided by 55.
43
Calculate the remainder when 7074941 is divided by 124.
121
Calculate the remainder when 827266 is divided by 148.
94
Calculate the remainder when 20084564 is divided by 6694848.
20
Calculate the remainder when 71277763 is divided by 14.
11
Calculate the remainder when 595317 is divided by 3841.
3803
What is the remainder when 402597 is divided by 307?
120
Calculate the remainder when 363218 is divided by 1.
0
Calculate the remainder when 268768 is divided by 12214.
60
Calculate the remainder when 18639805 is divided by 2071082.
67
Calculate the remainder when 1770209 is divided by 1177.
1
Calculate the remainder when 878947 is divided by 82.
71
Calculate the remainder when 67461746 is divided by 640.
626
What is the remainder when 15080115 is divided by 32998?
29
What is the remainder when 4101 is divided by 2038?
25
What is the remainder when 181689 is divided by 206?
203
Calculate the remainder when 290933 is divided by 143482.
3969
What is the remainder when 43115590 is divided by 14371844?
58
What is the remainder when 13583827 is divided by 294?
145
What is the remainder when 692794 is divided by 173040?
634
What is the remainder when 3799635 is divided by 847?
840
What is the remainder when 